43068807 a prime number?
False
Is 13626432191 composite?
False
Is 937060211 a composite number?
False
Is 150782763203 a composite number?
False
Is 57116965811 composite?
True
Is 3991247083 composite?
True
Is 56399433139 composite?
True
Is 380137229 prime?
True
Is 137386388213 prime?
True
Is 156000373 a prime number?
True
Is 78141041 a composite number?
True
Is 621151397 a composite number?
True
Is 34688021549 a prime number?
True
Is 131023463 a prime number?
False
Is 1757112479 composite?
False
Is 31016272753 prime?
False
Is 27848891635 a prime number?
False
Is 17395075279 composite?
True
Is 7341448633 a composite number?
False
Is 6170759851 prime?
False
Is 51302379413 a prime number?
False
Is 4966714255 a composite number?
True
Is 216901301327 composite?
False
Is 3770823061 a composite number?
False
Is 11549706907 composite?
False
Is 320928607 a prime number?
False
Is 1223520343 prime?
True
Is 66309740039 composite?
False
Is 5007680663 a prime number?
False
Is 2367171229 a composite number?
False
Is 424804271 a composite number?
True
Is 233268467 prime?
True
Is 83759891 prime?
False
Is 9466050053 a composite number?
True
Is 26659598541 prime?
False
Is 342180563 a prime number?
True
Is 15158418551 a composite number?
True
Is 1291341671 a composite number?
False
Is 1503570049 composite?
True
Is 143809451 a composite number?
False
Is 499006213 composite?
False
Is 1698733463 a composite number?
True
Is 5511853687 prime?
True
Is 31129157741 composite?
True
Is 2674882477 a prime number?
False
Is 1746569161 composite?
False
Is 1391551289 composite?
False
Is 142956743 composite?
False
Is 2304070427 prime?
True
Is 14708131777 a composite number?
True
Is 12384521203 a prime number?
False
Is 2524693433 prime?
True
Is 1055781547 prime?
False
Is 43507906943 a prime number?
False
Is 1751367469 a prime number?
True
Is 13351683731 a prime number?
False
Is 8574089101 prime?
True
Is 18589900919 composite?
False
Is 170571449 a composite number?
False
Is 674764427 prime?
True
Is 37886673521 composite?
False
Is 30432667 composite?
False
Is 6766667 prime?
True
Is 741195629 a composite number?
False
Is 170458314431 prime?
True
Is 433367773 prime?
False
Is 4905059057 a composite number?
True
Is 50880676045 composite?
True
Is 238895141 composite?
False
Is 6650331811 composite?
False
Is 557836882 composite?
True
Is 1222855241 a prime number?
False
Is 9422610933 a prime number?
False
Is 764631691 composite?
False
Is 50102041939 a prime number?
True
Is 137719389431 a composite number?
True
Is 58124653 a prime number?
False
Is 11875932247 a prime number?
False
Is 1707055243 a prime number?
True
Is 85917653807 prime?
True
Is 1567599463 prime?
True
Is 263063021 a prime number?
False
Is 952302941 composite?
True
Is 29114853037 prime?
False
Is 489367331 a composite number?
False
Is 1409459137 a prime number?
False
Is 332398117 a prime number?
True
Is 48194962399 a composite number?
True
Is 1563696581 a composite number?
True
Is 23093805071 a composite number?
False
Is 53852819 prime?
False
Is 90373809923 composite?
True
Is 10865151247 composite?
True
Is 548676179 composite?
False
Is 82196300981 a prime number?
True
Is 301642637 a composite number?
False
Is 20184125833 prime?
True
Is 44179291207 a prime number?
False
Is 20955935057 a prime number?
False
Is 1598873099 composite?
True
Is 252713720627 a composite number?
True
Is 25774711 composite?
False
Is 1073959639 a composite number?
True
Is 740509033 a prime number?
False
Is 1089677863 composite?
True
Is 865937207 composite?
False
Is 1685310403 prime?
False
Is 2593319471 composite?
False
Is 12292058723 composite?
True
Is 6203805593 a prime number?
True
Is 929528987 a composite number?
True
Is 1012187983 prime?
True
Is 3900750851 prime?
False
Is 12569130559 a composite number?
False
Is 2240064173 prime?
False
Is 78869960623 a composite number?
False
Is 243042517 prime?
True
Is 207734279939 a prime number?
False
Is 13113580547 a composite number?
True
Is 2936299453 a prime number?
True
Is 16547077501 prime?
False
Is 13907928403 prime?
True
Is 213049278541 composite?
True
Is 5975856517 prime?
True
Is 42198081 a prime number?
False
Is 62080549127 composite?
True
Is 2654628257 composite?
True
Is 9919163887 prime?
True
Is 437425379 a composite number?
True
Is 7623140713 prime?
False
Is 23973830387 prime?
False
Is 19773512455 a composite number?
True
Is 428726021 a composite number?
False
Is 1087904627 prime?
False
Is 6364151179 a composite number?
True
Is 80360957 composite?
False
Is 295430113 a composite number?
True
Is 139982259037 a composite number?
True
Is 15965262331 prime?
False
Is 6259460497 composite?
False
Is 105270062399 prime?
True
Is 8138447497 composite?
True
Is 69848275699 a composite number?
True
Is 2827974019 a prime number?
False
Is 5442616111 prime?
True
Is 128291584893 prime?
False
Is 676220933 a prime number?
False
Is 959984947 a prime number?
False
Is 26132711 a composite number?
True
Is 1164154109 composite?
False
Is 30344467357 a prime number?
True
Is 2256679121 prime?
True
Is 8132567843 prime?
False
Is 6521791261 prime?
False
Is 2906300861 a prime number?
False
Is 23836823 prime?
False
Is 19405769 composite?
False
Is 14676066557 a composite number?
True
Is 5838105989 a prime number?
False
Is 4834311509 prime?
True
Is 68546047 prime?
True
Is 5393348965 prime?
False
Is 35593701721 composite?
True
Is 31351022947 a prime number?
True
Is 778919885 prime?
False
Is 314629993 composite?
False
Is 11450096569 a prime number?
False
Is 1077639191 a composite number?
True
Is 4560951503 a composite number?
False
Is 3339942785 a composite number?
True
Is 57760698893 a prime number?
False
Is 349785259 a prime number?
True
Is 5485075177 a prime number?
False
Is 54385297 a prime number?
True
Is 11123345803 prime?
False
Is 10761562367 a composite number?
False
Is 5376361441 prime?
False
Is 811478131 prime?
True
Is 2402088751 prime?
True
Is 833273759 a composite number?
False
Is 193496869 prime?
True
Is 228499081 composite?
True
Is 22457470727 a prime number?
False
Is 12492246199 prime?
True
Is 5673767041 a prime number?
True
Is 4716272859 composite?
True
Is 399565766 prime?
False
Is 16835694961 composite?
False
Is 34983089527 a prime number?
True
Is 6961849547 prime?
False
Is 257629061 a prime number?
True
Is 1678021867 a prime number?
False
Is 3511918627 a prime number?
False
Is 8354895617 prime?
True
Is 83832039133 a prime number?
True
Is 21985663433 composite?
False
Is 30655333 a prime number?
True
Is 4245005483 prime?
True
Is 701575099 a prime number?
True
Is 6615824959 a prime number?
True
Is 39447423079 a prime number?
True
Is 4373961343 prime?
True
Is 4013791909 a prime number?
True
Is 1722884791 prime?
False
Is 137460187 prime?
True
Is 2816984747 composite?
False
Is 3284938159 prime?
False
Is 1430546731 a prime number?
True
Is 8881902671 prime?
False
Is 3276334259 composite?
True
Is 30321186479 composite?
True
Is 12688103437 composite?
True
Is 11586423449 prime?
True
Is 37025717011 prime?
False
Is 1557110759 a composite number?
True
Is 8320160633 prime?
True
Is 109934580059 a prime number?
True
Is 945866203 a composite number?
True
Is 722222617 composite?
True
Is 3773627489 composite?
True
Is 1406982989 a composite number?
False
Is 10782632177 a prime number?
False
Is 196591487 composite?
False
Is 4185371497 prime?
True
Is 5898281387 a prime number?
True
Is 517200709 a prime number?
True
Is 54016269563 a prime number?
True
Is 11644868161 composite?
True
Is 53328553 composite?
True
Is 8027314033 a prime number?
True
Is 17798843081 prime?
False
Is 15098315033 a prime number?
True
Is 3887962549 composite?
True
Is 124660429573 a prime number?
True
Is 64391355701 prime?
True
Is 1135170319 a composite number?
False
Is 397620221 prime?
False
Is 19995060809 a prime number?
True
Is 458291371 composite?
True
Is 28902997481 composite?
True
Is 190201199 a composite number?
True
Is 75323820007 a composite number?
False
Is 544002269 composite?
False
Is 253526353 composite?
False
Is 8406128509 a composite number?
False
Is 11305270987 composite?
False
Is 3437333287 prime?
True
Is 4679299193 prime?
False
Is 1034642723 composite?
True
Is 12661610233 a composite number?
False
Is 852944221 a composite number?
False
Is 9938796149 a